et y(p) be the second derivative of -p**6/360 - p**5/15 - p**4/3 + p**3 + 3*p. Let f(u) be the second derivative of y(u). Determine f(-7).
-1
Suppose 0 = 5*c + 5*z + 45, 4*c - 5*z = -2*z - 29. Let f(m) = -m**3 - m**2 - m. Let y(u) = -3*u**3 - 10*u**2 - 3*u - 4. Let i(r) = 2*f(r) - y(r). What is i(c)?
-4
Let l(b) be the third derivative of -b**4/4 - b**3/2 - 6*b**2 - 20. Give l(-6).
33
Let l(x) be the second derivative of -39*x + 0 - 5/3*x**3 - 1/12*x**4 + 1/2*x**2. Calculate l(-10).
1
Suppose -2*w - 95 = -11. Let t = -38 - w. Let n(x) = x**2 - x - 3. Calculate n(t).
9
Let n(x) be the first derivative of -5*x**2/2 + x - 1. Let k(s) = -s. Let r(y) = 3*y - 1. Let o(d) = 6*k(d) - r(d). Let l(t) = 5*n(t) - 3*o(t). Give l(-3).
-4
Let a(w) = 9*w**3 + 7*w**2 + 6*w + 6. Let q(c) = 8*c**2 - 5*c - 13*c + 7 + 25*c + 10*c**3. Let u(h) = -7*a(h) + 6*q(h). Let g = 2 - 1. Give u(g).
-4
Let n(z) = -1 - 2*z - 5*z**3 + 2 + 0*z**3 - z**3. Let i(g) = -g**3 - 2*g**2 - 5*g - 9. Let f be i(-2). Determine n(f).
-7
Let c(f) = -11 + f - 4*f**2 - f**2 - 3*f**2 + f**3. Suppose 6 = -j, 3*j + 46 = 2*g - 2*j. Calculate c(g).
-3
Let l(x) be the third derivative of 25*x**4/24 + x**3/6 - x**2 - 63*x. What is l(-1)?
-24
Let l(j) = j**2 + 5*j + 8. Let r(c) = 5*c**2 + 24*c + 41. Let g(m) = -11*l(m) + 2*r(m). Suppose -u + s - 4 = 0, -3*u + s = -s + 15. What is g(u)?
-6
Let j(x) be the second derivative of x**4/12 + x**3/3 - x**2/2 + 231*x. Give j(-3).
2
Let k(m) = -m**3 + 3*m**2 + m - 1. Let n(f) = -9*f - 3. Let a be n(-3). Let g = 23 - a. Let h be g/(4/(-12)) - 0. Calculate k(h).
2
Suppose 0 = -2*g + 4*o + 10, -o + 2*o = -4. Let v(r) = -2*r - 108 + r + 108. Give v(g).
3
Suppose -7 = -3*o - 2*h, 4*h - 11 = -3*o - 2*o. Let l be 2 - (0 + -1)*o. Suppose -l*a + 5 = 5*v + 15, 3*v + 6 = -2*a. Let z(r) = r - 7. Calculate z(a).
-7
Let q(w) = 9*w + 5. Let r(l) = l. Suppose -5*k + 32 = b, -3*b + 4*b = 2. Let f(y) = k*r(y) - q(y). Determine f(-8).
19
Let p(u) be the third derivative of 0 - 1/60*u**5 + 0*u**3 + 0*u + 1/8*u**4 + 5*u**2. Give p(3).
0
Let f(w) = w - 10. Let m be ((-18)/12)/((-9)/(-12)). Let d be 1/m*(-15 - (0 + 5)). Calculate f(d).
0
Let h(c) be the third derivative of 0*c + 1/24*c**4 + 0 + 7/6*c**3 - 12*c**2 - 1/12*c**5 + 1/120*c**6. Determine h(5).
12
Suppose 5*p + 4*g - 2*g + 21 = 0, 0 = -4*g + 8. Let s(t) = -t**3 - 6*t**2 - 4*t + 7. Let w be s(p). Suppose -3 = w*d - 5. Let o(y) = 9*y**2 + y. Determine o(d).
10
Let d(u) be the third derivative of u**6/120 - 13*u**5/60 - 13*u**4/24 - 7*u**3/3 + 129*u**2. What is d(14)?
0
Let m(u) = 2*u**2 + 3*u + 5. Let b(n) = 3*n**2 + 2*n + 7. Let p(q) = 3*b(q) - 4*m(q). What is p(6)?
1
Let o(y) = y**2 + 6*y + 5. Let v = -6 - -1. Let p be o(v). Let d(n) = -3*n - 6 + 2*n - 3. Determine d(p).
-9
Suppose 9 = k + 3*p, -5*k + p = -k + 3. Suppose q + 89 - 88 = k. Let u(g) = 5*g + 4*g - 4 + 5. Calculate u(q).
-8
Let b(y) = -2 - 15*y**2 - 6*y**2 + 1 + 0*y**2. Let s(z) = z**2 - 14*z + 23. Let h be s(12). Calculate b(h).
-22
Let y(s) = -2*s - 45. Let t(z) = 12. Let u(i) = -4*t(i) - y(i). Let q = -8 - -1. Give u(q).
-17
Let f(y) = 2*y + 1. Let h(r) = -2*r**3 + r + 1. Let d be h(-1). Let l(g) be the second derivative of g**3/3 - g**2 + 5*g. Let n be l(d). Determine f(n).
5
Suppose -8*u - 27 + 35 = 0. Let l(r) = 3*r**3 + 2*r**2 - 2*r + 1. Give l(u).
4
Let t be 3/(-15)*(-60)/(-24)*8. Let c(z) = -z**3 - 5*z**2 + 8*z - 3. Give c(t).
-51
Suppose i = -4*i + 15. Let p(c) = -c. Let o(m) = m**2 - 2*m - 4. Suppose -5*g = u - 6, 5*g - 5 = -3*u + 3. Let x(f) = u*p(f) + o(f). Calculate x(i).
-4
Let h(v) = 11*v**2 - v - 1. Let j = -78 - -77. What is h(j)?
11
Let l = 95/564 - 4/47. Let p(m) be the second derivative of l*m**4 - 5*m + 0 + 3*m**2 + 4/3*m**3. Give p(-4).
-10
Let g(s) = -3*s + 1. Suppose -f + 46 = -5*p, -p + 270 = 5*f - 6*p. Suppose 121 = 4*r - 3*w, 3*w + 205 - f = 5*r. Let t = r - 31. Give g(t).
10
Let d(o) = -o**3 + 9*o + 2 + 17 + 10*o**2 + 11 - 5 + 2. What is d(11)?
5
Let v(d) = d**3 - 2*d**2 + 4*d - 4. Suppose 3*f + 6 = 3*a, 0 = -5*a + 5*f - 4*f + 14. Determine v(a).
17
Let o be 3 + 12 + 2 + -2. Let b = o + -45. Let a = -36 - b. Let v(i) = -i**3 - 5*i**2 + 9*i + 4. Calculate v(a).
-14
Let b(c) = -c**2 - c. Let x(f) = -3*f**2 + 1. Let g(q) = 2*b(q) + x(q). Let w(n) = -5*n - 94. Let d be w(-19). Give g(d).
-6
Let q = -24 + 29. Suppose -2*m + x = -7, -2*m + x = 4*x + q. Let s(c) = 5*c - 2 + c**m + 2*c + 0*c**2 - c. Determine s(-5).
-7
Let a(l) be the second derivative of l**4/12 - l**3 + 7*l**2/2 - 125*l + 2. Let z(t) = -t**2 + 6*t + 5. Let h be z(6). What is a(h)?
2
Let c(h) be the third derivative of h**6/120 + h**5/10 + h**4/4 - 2*h**3/3 - 63*h**2. Calculate c(-3).
5
Suppose 3*n + l = 15, l = -n - 3*l + 16. Suppose n*r - 3*r - 8 = 0. Let y(t) = -t**3 + 8*t**2 + 2*t - 12. Determine y(r).
4
Suppose -8 = 4*q - 3*p + 33, -5*q - 28 = 4*p. Let m(j) = -j - 3. What is m(q)?
5
Let j(n) = n**2 - 4*n + 2. Let a be j(5). Let f(x) be the third derivative of -x**5/60 + x**4/3 - 7*x**3/6 + 5*x**2. Give f(a).
0
Let v(h) be the third derivative of -5*h**4/24 - h**3/2 + 171*h**2. Give v(3).
-18
Let j(l) = -2*l**3 + 17 + 3*l**3 - 9*l**2 - 8 + 7*l. Let g be j(8). Let c(o) be the third derivative of o**5/60 + o**4/24 - o**3/6 - 3*o**2. Determine c(g).
1
Suppose 130 = 231*p - 244*p. Let a(g) = -g**3 - 11*g**2 - 10*g - 14. What is a(p)?
-14
Let w = 2605 + -2605. Let t = 3 - 0. Let h(m) = -m - m + t*m + 4. Give h(w).
4
Let j(o) = 10*o**3 - o. Let g be 20/(-3)*18*28/105. Let k = g - -31. What is j(k)?
-9
Let l be ((-1)/2)/(1/8). Let z = 8 + 1. Let m(p) = z*p**3 + 0*p**2 - p - 4*p - 5*p**2 - 10*p**3. Determine m(l).
4
Let i(c) = c**3 - 3*c**2 - c + 1. Suppose 0 = 5*o - 119 + 39. Suppose -o + 4 = -4*h. Calculate i(h).
-2
Suppose 11*b + 15 = 59. Let m(p) = 2*p**3 - 8*p**2 + 4*p - 10. Determine m(b).
6
Let c(h) = -h**3 + 6*h - 2. Let s = 333 + -330. Determine c(s).
-11
Let q(o) = -o**3 - 2*o**2 - 5*o. Let b be q(-4). Let r = b + -55. Let x(i) = i**3 + 2*i**2 - 3*i - 4. Calculate x(r).
-4
Suppose 0 = x - 2*x - 4. Let u(d) be the second derivative of 0 + 5*d + 3/2*d**2 - 1/3*d**3. Determine u(x).
11
Let t be (-16)/15*10/(-4)*3. Let v(b) = -1 + t*b - 4*b**2 + 5*b**2 + 7 + 0*b. Calculate v(-7).
-1
Let p(g) = g**2 - 1. Let s be p(-2). Let f(r) = -6*r**3 - 1 - 6*r**3 + r**2 + 3*r**s. Suppose 12 = -12*z + 24. What is f(z)?
-9
Suppose 10 = 5*c + 2*x - 0, -x + 2 = c. Let j(a) be the second derivative of 3/2*a**c - 2/3*a**3 + 0 + 1/12*a**4 + 2*a. What is j(2)?
-1
Let t(o) be the third derivative of -1/24*o**4 + 0*o + 0 + 3*o**2 + 1/6*o**3. Let y(s) = 9*s - 1. Let z(q) = 3*t(q) + y(q). Give z(-2).
-10
Let u(n) = -n. Suppose 0 = -4*c + s + s - 106, -3*c - 2*s = 83. Let y = -23 - c. Determine u(y).
-4
Let y(u) = -u**3 - 9*u**2 + 2*u - 11. Let l be y(-9). Let c = l - -35. Let g be -2*(9/c + -1). Let w(a) = 3*a**2 + 2*a + 1. Calculate w(g).
2
Let y(f) = f**2 - 7*f. Suppose -10*b + 9*b + 2 = 0. Suppose -5*q + 3*k + 22 = -0*k, b = -q - k. Suppose -q*h = -14 + 4. What is y(h)?
-10
Suppose 8*n + 90 = 3*n + i, 3*n = i - 56. Let u(t) = t**3 + 18*t**2 + 17*t + 6. Let f be u(n). Let g(o) = o**3 - 7*o**2 + 7*o. Give g(f).
6
Let d(i) = 7*i + 8 + 3*i - 6*i + 8 + 6. Calculate d(-5).
2
Let n(p) = -2*p + 36. Let x(o) = -11*o**3 + 8*o**2 + 5*o - 2. Let g be x(-1). Give n(g).
12
Let n(z) = -7*z + 7. Let r be 22/(-5) - (-3 - 72/(-20)). Determine n(r).
42
Let q(p) = -10 + 11051*p - 1 - 11052*p. Calculate q(-5).
-6
Suppose 3*p - 9 = -3*k, k - p + 9 = -k. Let n(c) = 8*c + 4. What is n(k)?
-12
Suppose -8 = -2*v, v = m - v + 7. Let p = m - 5. Let b(a) be the third derivative of -a**4/6 - 2*a**3/3 - a**2. What is b(p)?
12
Let d(h) = h - 6. Let c = 283 - 288. Calculate d(c).
-11
Let s = -84 + 56. Let w = s - -31. Let r(g) = g + 4. Determine r(w).
7
Let z(t) = 5*t**3 + 13*t**2 - t + 13. Let s(p) = 22*p**3 + 53*p**2 - 4*p + 54. Let g(k) = 2*s(k) - 9*z(k). Calculate g(-11).
-20
Let t(d) = -3*d + 6. Let n(s) = 33*s - 60. Let a(i) = 2*n(i) + 21*t(i). Determine a(-6).
-12
Let c(m) be the third derivative of 7*m**5/60 + m**4/24 + 2*m**3 - m**2. Let y(o) = o + 8*o + 1 + o**2 - 12*o + 4*o. Let p(v) = -c(v) + 6*y(v). Give p(5).
-6
Let k(j) = -2*j**2 + 4*j - 3. Suppose 6*v + 5 = 17. Let i(g) = -2*g**2 + 4*g - 3. Let t(p) = v*i